factor of t and n?
5
Let f = 27 - -77. Suppose -2*o - 2*o + 4*a = -f, a = -5. Let y = -39 + 42. Calculate the greatest common factor of y and o.
3
Let m = -249 - -713. Calculate the greatest common divisor of 58 and m.
58
Let y be 5 + 78 + ((-3)/3 - 5). What is the greatest common divisor of 35 and y?
7
Let a be 2 + -3 + -1*1. Suppose 0 = 4*b - t - 0*t + 6, 3*b + 5 = t. Let j be a/b + -2 + 198. What is the greatest common divisor of 22 and j?
22
Suppose -5*x + 1 + 24 = 0. Suppose v + 5 - 8 = 0, 0 = x*l + 3*v - 19. Suppose -l*s = -4*s + 2. What is the greatest common divisor of s and 1?
1
Let q = -24 + 28. Suppose 4*u + q = -5*y + 19, u = -3*y - 5. What is the greatest common divisor of u and 1?
1
Let c(u) = -3*u - 6. Suppose 6*x = -4*i + 4*x + 6, 3*x = -2*i - 3. Let g be ((-8)/12)/(i/27). Let m be c(g). What is the greatest common factor of 6 and m?
6
Let m(z) = -z + 32. Let a(r) = 5*r - 129. Let b(v) = 2*a(v) + 9*m(v). Let y be b(-13). Calculate the highest common divisor of 136 and y.
17
Suppose 0 = -2*y + 841 + 257. Suppose 0 = -6*p + y + 375. Calculate the greatest common factor of p and 22.
22
Let b(s) = -16*s**3 + s**2 + s - 1. Let a be b(-1). Calculate the greatest common factor of 85 and a.
5
Suppose 3*x - 4*g = 34, -6*x + x - g + 49 = 0. Let q be ((-6)/(-10))/(x/(-50)). Let z be (-87)/q - 6/(-2). What is the highest common divisor of 80 and z?
16
Let k be 49*1*(-56862)/(-819). What is the highest common factor of 126 and k?
126
Let g = -2807 - -2810. Let j(b) = 6*b**2. Let t be j(-2). Calculate the greatest common divisor of t and g.
3
Suppose -170 = -r - 4*n, 5 = 7*n - 12*n. Calculate the greatest common factor of r and 12.
6
Let g = -2 - -11. Let v(o) = 106*o**3 + 4*o**2 - 5*o + 1. Let l be v(1). Let t = -61 + l. Calculate the greatest common factor of t and g.
9
Let u be (3 + (-5 - 0))/((-10)/605). Calculate the highest common factor of 253 and u.
11
Let o be (56/(-6))/((-18)/81). Let r = o + -38. What is the greatest common divisor of r and 44?
4
Let m(j) = -3*j**3 + 5*j**2 + 10*j - 1. Let t be m(-3). Calculate the greatest common factor of t and 5.
5
Suppose -62*w + 3443 + 1951 = 0. Calculate the greatest common factor of 12 and w.
3
Let r = 14 - 12. Suppose 3*c - 231 = -r*j - 21, 4*c = 2*j - 224. Suppose -4*l - 24 = -2*s, 2*s - 32 + 8 = -4*l. What is the highest common divisor of j and s?
12
Let x = -3211 - -5302. What is the greatest common factor of x and 51?
51
Let m be (24/(-10))/(30/(-200)). Let w be (-12)/m - 27/12. Let g be ((-2)/w)/((-1)/(-12)). What is the greatest common divisor of g and 88?
8
Let p be (6 - 1)*(-18)/(-45). Let v be (12/(-15))/(p/(-5)). Suppose 2*o = 5*s - v*o - 42, -4*s - o = -42. What is the greatest common factor of 15 and s?
5
Suppose -d = d + 38. Let i = d - -33. Let x be (i/35)/(1/260). Calculate the greatest common divisor of x and 13.
13
Let u be 20/(-16) - 466/(-8). Suppose 7*n = 13 + u. What is the highest common factor of n and 4?
2
Suppose 22*d = 31*d - 414. Calculate the greatest common divisor of d and 184.
46
Let t = 470 + -459. Calculate the highest common factor of 11 and t.
11
Let f(k) be the third derivative of -7*k**4/12 - 17*k**3/6 + 26*k**2. Let g be f(-7). Let x = 17 + -8. Calculate the highest common factor of x and g.
9
Let z be (-2 + 1)*3 + 237. Suppose m - 4*m - z = 0. Let b be 4/10 + m/(-5). Calculate the greatest common divisor of b and 8.
8
Let j be (6*1*-1)/((-7)/42). Let b = -11 + j. Calculate the highest common divisor of 10 and b.
5
Let h be 143/(-66)*-6 + (8 - 1). What is the highest common factor of 1220 and h?
20
Let t(z) be the first derivative of z**3 - z**2/2 + z + 28. Let d = -2 + 5. Let w be t(d). Calculate the greatest common divisor of 75 and w.
25
Let q be (-74)/(-4) + 3/2. Let k(w) = 3*w - 50. Let x be k(q). Calculate the greatest common divisor of x and 5.
5
Suppose 10 = 2*t + 3*t. Let p be -1 - t*(-9)/2. Let b = -856 + 896. What is the greatest common divisor of b and p?
8
Suppose 0 = 3*s - 70 - 38. What is the highest common divisor of s and 162?
18
Let o be 2 + -3 + (-6)/(-2). Suppose 0 = 2*x - d - 126 + 26, -2*x + 100 = o*d. Let w be (60/(-8))/(3/(-4)). What is the highest common factor of w and x?
10
Suppose 4*c - 65 - 567 = 0. Let w = c + -98. Let x = w + -15. What is the greatest common divisor of 9 and x?
9
Let l be -55*((-10)/2 - -4). Suppose 4*n - 16 = -4*u, -4*u + 2*u = -3*n - 3. Let d(y) = 11*y. Let f be d(n). What is the highest common divisor of f and l?
11
Let b(m) = 3*m**2 - 4. Let g = -4 - -7. Let x be b(g). Let c be 7*(30*1 - (-287)/(-41)). What is the greatest common factor of x and c?
23
Let v(i) = -i**2 + i + 2. Let u be v(0). Suppose 14 = 2*a + u*w - 46, 5*a - 3*w = 150. What is the highest common factor of 30 and a?
30
Let m(i) = 24*i + 16. Let r be m(4). Let z(q) = -q**3 - 17*q**2 + 14. Let p be z(-17). Calculate the highest common divisor of p and r.
14
Suppose -y = 3*l - 39, -5*y - 4*l + 205 = l. Let g = -229 - -334. Calculate the greatest common divisor of g and y.
21
Let t(g) = 4 + 0 - 2*g + 0. Let x be t(3). Let l(v) = -8*v - 2. Let h be l(x). What is the greatest common divisor of 21 and h?
7
Let u be ((-12)/18)/(2/(-6)). Suppose -u = 2*c - 5*h + 4, 32 = -3*c - 4*h. Let s = c + 15. What is the greatest common factor of 7 and s?
7
Suppose -324*k - 96 = -330*k. Calculate the greatest common divisor of 1544 and k.
8
Let r = -15 + -6. Let x = -13 - r. What is the highest common factor of x and 4?
4
Let c(w) = w**3 + 9*w**2 + 13*w + 35. Let q be c(-7). What is the greatest common factor of 777 and q?
21
Suppose 156 = 7*p + 2. Suppose 3*d = -5*m + p + 8, 3*m + 6 = 3*d. Calculate the greatest common divisor of 12 and m.
3
Suppose b = 4*d - 10, 7*b - 4*d = 24 + 2. Let v be (-1)/(-2) + 6/4. Suppose -6*k + 216 = -v*k. What is the highest common divisor of b and k?
6
Let p(d) be the third derivative of 1/60*d**5 + 0 + 1/24*d**4 + 2*d**2 + 0*d - 1/2*d**3. Let j be p(-4). What is the greatest common divisor of 3 and j?
3
Suppose -33*o + 2727 = -936. Calculate the highest common divisor of 3 and o.
3
Let v = -17 - -29. Let z(l) = 3 - 5 - 4 - v*l - 2. Let n be z(-6). Calculate the highest common factor of n and 16.
16
Let a = 344 - 338. Calculate the greatest common divisor of a and 26.
2
Let i = 129 - 85. Calculate the greatest common divisor of i and 24.
4
Let g(l) = 25*l + 272. Let v be g(-8). Calculate the highest common divisor of v and 56.
8
Let u = -42 + 132. Calculate the greatest common divisor of 18 and u.
18
Suppose -46 = -3*f + f. Let d be 645/4 - 185/740. What is the highest common divisor of d and f?
23
Let i = 982 - 270. Calculate the highest common divisor of i and 32.
8
Let m be 697/51 - 15/9. Let j(y) = -y**3 + 7*y**2 - 4*y - 7. Let h be j(6). Suppose 89 - h = o. Calculate the highest common divisor of o and m.
12
Suppose -3*o - 5*v + 251 = 86, 4*v = 4*o - 252. Calculate the highest common factor of 84 and o.
12
Suppose -2*k + 3*i = 6 + 6, 3*i = 5*k + 30. Let c(g) = g + 10. Let h be c(k). Calculate the greatest common divisor of h and 28.
4
Suppose 17 + 19 = 9*r. Calculate the highest common divisor of r and 32.
4
Suppose -p = -1 - 0. Let f be (3*(-28)/12)/p. Let l be ((-294)/f)/(2/3). What is the highest common divisor of 9 and l?
9
Let x(m) = 7*m**2 + 24*m + 36. Let s be x(-8). What is the highest common factor of s and 4?
4
Suppose -100*c = -103*c + 9. Suppose 2*j = 3*m - m - 130, 0 = 5*m - c*j - 315. Calculate the greatest common factor of 12 and m.
12
Let j be 88*(-3 - 5/(-1)). Suppose 5*q - 216 = -2*x, -12 = 2*x - 8. Calculate the highest common divisor of q and j.
44
Let z = -396 + 2024. What is the highest common factor of 22 and z?
22
Let t(v) = -73*v + 74. Let n be t(-12). What is the greatest common divisor of n and 25?
25
Let c(j) = -j**3 - 11*j**2 - 14*j - 15. Let q be 19/4 - (-2)/8. Suppose 51 = -q*x + 1. Let y be c(x). What is the highest common divisor of 225 and y?
25
Let d be (11 + -16)*(-6)/10. Let n(k) = k**3 + k**2 - 4*k + 4. Let z be n(d). Let x be 29 + -1*3/3. What is the greatest common divisor of x and z?
28
Let u(p) = p**2 + 4*p - 11. Suppose 0*v + 30 = -5*v. Let a be u(v). Let w be a/(-1)*18/(-6). What is the greatest common factor of 3 and w?
3
Let t = 56 - -24. Suppose -i - 2*n + 16 = 0, 20 